b - 2*p + 0*p - 16 = c, 3*p + 39 = 3*b. Let o be 2*(-75)/b*-7. What is the highest common factor of 21 and o?
21
Let k(i) = -i**2 + 18*i - 59. Let v(y) = -y**2 + 11*y - 12. Let q be v(2). Let u be k(q). What is the highest common divisor of 91 and u?
13
Let n be -9 + 36/(5 + 1). Let p(w) = 20*w**2 + 2*w + 6. Let z be p(n). What is the highest common factor of z and 20?
20
Let n = -6258 + 7333. What is the highest common divisor of 4945 and n?
215
Let l = -3006 - -3510. Calculate the greatest common divisor of l and 396.
36
Let i = 51125 + -51070. Let z be ((-44)/(-10))/((-2)/(-10)). Calculate the highest common factor of i and z.
11
Let p(q) = -12*q - 62. Let u be p(-7). Let d = 3 + 1. Calculate the highest common factor of u and d.
2
Let u(f) = -16*f. Let i be u(-6). Let p(j) = j**3 + 4*j**2 - j - 2. Let l be p(-2). Let x = 20 - l. Calculate the greatest common factor of x and i.
12
Let w = 9693 - 9549. Calculate the highest common factor of 45 and w.
9
Suppose -5*t + 27 = -3*t - u, -4*u - 18 = -2*t. Let l be t/(-3) - (-11 - -4). What is the highest common factor of l and 30?
2
Let j be 100 + 18/45 + (-2)/(-15)*-33. Calculate the greatest common factor of j and 4272.
48
Suppose -2*v + 5*v = -54. Let z be 9/7 - v/(-63). Suppose 5*u = 3*b - 71, 0*u = b + 4*u - z. What is the greatest common factor of b and 119?
17
Let q(g) = g**3 - g**2 - 134*g - 5. Let x be q(-11). Calculate the highest common divisor of x and 2.
1
Suppose -20*a + 42 = 14*a - 298. What is the highest common factor of 4490 and a?
10
Let t = -49 - -43. Let q(p) = 5*p**2 + 4*p - 1. Let y be q(t). What is the highest common factor of 62 and y?
31
Let x(n) = 28*n + 1024. Let z be x(22). What is the highest common divisor of 120 and z?
40
Suppose -5*z + 80 = -0*z. Let u(m) = 2*m + 16. Let p be -1 - 28/(-21) - (-44)/(-6). Let l be u(p). What is the highest common divisor of z and l?
2
Suppose -4*h - 7*g + 152 = -3*g, -2*g = -4. Suppose -17*x = -20*x - 138. Let b = x - -55. What is the greatest common divisor of b and h?
9
Suppose -18316 = -62*l + 42444. Calculate the highest common divisor of l and 2156.
196
Let h(r) = -11*r - 4. Let s be h(-5). Let k(a) = -262*a + 5505. Let b be k(21). What is the greatest common factor of b and s?
3
Let j be (-4)/34 + (-4002)/(-782). Suppose -4*f + 3 = -2*v + 31, -11 = -v + j*f. What is the highest common divisor of 12 and v?
4
Let j(u) = 326*u**2 + 2. Let x(q) = -q**3 - 21*q**2 - 53*q + 19. Let z be x(-18). Let n be j(z). What is the greatest common divisor of 8 and n?
8
Let j(r) = 22*r + 5. Let x be j(0). Suppose -2*t + 0*t + 68 = -3*i, -t - x*i = -8. Calculate the greatest common factor of t and 2.
2
Let r = 1370 + -1338. Let m be (-3744)/(-130)*(-40)/(-3). What is the greatest common factor of r and m?
32
Let w = 365 - 356. Let m(d) = d**3 - 6*d**2 - 22*d + 18. Let y be m(w). What is the greatest common divisor of 14 and y?
7
Suppose 5*p - 201 = 5*t - 3*t, -4*t - 156 = -4*p. Let j = 274 + p. What is the highest common divisor of j and 45?
45
Suppose -1521*s = -1517*s - 3954 + 626. Calculate the highest common factor of s and 247.
13
Let s = 142 + -193. Let w be 3 - 3 - (-1 + 1 + s). Calculate the greatest common factor of 3 and w.
3
Suppose 12*g - 7*g + 1030 = 0. Let j = g - -260. What is the greatest common factor of j and 486?
54
Suppose -5*m + 742*p = 743*p - 1924, 0 = -36*m - p + 13921. Let t(k) = -44*k - 2. Let l be t(-2). Calculate the highest common divisor of m and l.
43
Let p(x) = 2*x**3 + 2*x**2 + x - 2. Let m be p(2). Let t be (-1122)/(-21) - (120/35 + -4). Let k = t - 51. What is the greatest common divisor of k and m?
3
Let s be 6 + (-35)/5 + 6. Suppose s*g + 3*b - 10 = 0, -17*g = -19*g - 4*b + 4. What is the greatest common divisor of 2 and g?
2
Let r be 45 + -11 + 11 + -3. Let j = -55 + 223. Calculate the greatest common factor of j and r.
42
Let h be (-278 + 269)*58/(-6). Calculate the highest common divisor of h and 1247.
29
Suppose -144*c = -149*c + 35. Suppose c*m + n - 869 = 4*m, m + 3*n = 287. Calculate the highest common divisor of 116 and m.
58
Let q(z) = -44*z**2 + 188*z - 2. Let h be ((-6)/3)/(23/(-46)). Let k be q(h). Calculate the greatest common factor of 184 and k.
46
Suppose -6002 = -3*s + 2*u, 0 = 4*s + 4*u - 3297 - 4679. What is the highest common factor of s and 148?
74
Let u(j) = 46*j**3 - j**2 + j. Let k be u(1). Let a be (4/16)/(19/1748). What is the highest common divisor of k and a?
23
Suppose 5*x = -k - 1276, -x + 2*x + 258 = -3*k. Let w be (2 + (-290)/4)*6. Let f = x - w. Calculate the highest common factor of 28 and f.
28
Suppose -23*u + 26*u = -255. Let g = u + 105. Calculate the highest common divisor of 190 and g.
10
Suppose 0 = -3*j - 2*j + 355. Suppose -2*t = j - 81. Suppose h + 4*o = 3*o + 13, -2*h + 14 = t*o. What is the highest common factor of h and 85?
17
Let o = 1574 + -1484. Calculate the greatest common factor of o and 720.
90
Let w = -5142 + 5230. What is the greatest common factor of w and 56?
8
Let q = -20882 - -24188. Calculate the greatest common divisor of 261 and q.
87
Let d(o) = -140*o - 34167. Let m be d(-245). Let n = 8 + -1. What is the highest common divisor of m and n?
7
Suppose -19*m + 216 = 17*m. Let s(d) be the first derivative of -3*d**2 + 6*d + 5. Let j be s(-7). Calculate the greatest common divisor of m and j.
6
Let m = -77 - -143. Let a = -568 + 597. Suppose a*h - 23*h = m. Calculate the greatest common factor of 209 and h.
11
Let z(x) = x**2 - 34*x + 8. Let a be z(-4). Suppose -5*q - 5*f + a = 0, 0*q - 4*f = -q + 12. What is the highest common factor of q and 756?
28
Let a = -29 + 36. Let o be a + 6/4*2. Suppose 90*f = 89*f + 5. Calculate the greatest common factor of f and o.
5
Let q be -57*14/(-49)*(-70)/3. Let n = 400 + q. What is the greatest common factor of n and 50?
10
Let b(s) = -s - 5. Let z be b(-9). Let m = -212 + 254. Let x be (m/105)/(3/(-30)*-1). Calculate the greatest common divisor of z and x.
4
Suppose 4*n + 23470 - 53914 = 0. What is the greatest common divisor of 177 and n?
177
Suppose -3*b + 16 = -4*g - 17, -2*g = -3*b + 33. Suppose 3*c - 244 = 647. What is the highest common factor of c and b?
11
Suppose -5*p + 3*x + 3357 = 0, -5*p + 3135 = 5*x - 270. What is the highest common divisor of 162 and p?
27
Let f be -1 + (129 - (0 + 2)). Let r be (190/30 - 11)*27/(-6). Let h be (-25)/(-1) - (r + -17). What is the highest common factor of f and h?
21
Let h(f) = -2*f + 1167 + 2*f**3 - 1184 - 3*f**3 - 7*f**2 + 8*f. Let d be h(-8). Let s be 10 - d/(-5)*0. What is the highest common factor of s and 35?
5
Let r be (44 + 1)*12/9. Let f be ((-2403)/135 + 17)/(4/(-100)). Calculate the greatest common divisor of f and r.
20
Let g be (-36)/(-8)*20/6. Let m(w) = -w**3 + 15*w**2 + 22*w - 24. Let c be m(g). What is the greatest common factor of c and 36?
18
Suppose 131 = i - p + 16, i - 2*p = 113. Let o be 3/(10*-3) + 910/100. Calculate the highest common divisor of i and o.
9
Suppose 2*i + 3*u + 191 = 4*i, -3*i + 5*u + 289 = 0. Suppose 4*p - r = 94, -p + 5*p - 4*r - i = 0. Calculate the greatest common divisor of p and 3.
3
Let w(d) = -35 + 181*d - 347*d + 132*d + 159*d. Let m be w(5). What is the greatest common divisor of 10 and m?
10
Suppose 2*t - 68 - 156 = 0. Let f(d) = 2*d**3 - 84*d**2 + 228*d - 9478. Let b be f(42). Calculate the greatest common divisor of b and t.
14
Let k(h) = 6*h**2 + 39*h - 144. Let s be k(-11). Calculate the greatest common factor of s and 117.
9
Let h be (0 - 288)/(-3)*(-8)/(-16). Suppose -5*b + 2*b + 216 = 0. Calculate the greatest common divisor of b and h.
24
Let j be (17/(-51))/(1/(-15)). Let v be 1467/j + 3/5. Calculate the highest common factor of 18 and v.
6
Suppose 0 = -4*f + 2*f + 22. Let d be 136/6 - (3 + 10/(-3)). Let l(s) = 5*s + 17. Let y be l(d). What is the greatest common factor of f and y?
11
Let s = -219 - -218. Let v be (-5 + (6 - -1))*(s - -57). What is the greatest common factor of 7 and v?
7
Suppose -6 - 69 = -5*b. Suppose 0 = -5*c - b + 65. Suppose 375 - 357 = 3*g, -5*v - 4*g = -124. What is the greatest common divisor of v and c?
10
Suppose -266*s = -263*s - 41541. Calculate the greatest common divisor of s and 61.
61
Let b be 45 - 50 - (0 - 433*2). Let g = b + -849. Let u be (-1 + 5)*3 + 0. What is the highe